umber?
True
Is 516643 a prime number?
True
Is 17467 composite?
False
Is 4701 prime?
False
Is 2054443 a composite number?
False
Is 311909 a composite number?
True
Is 80599 a prime number?
True
Is 22915 a composite number?
True
Is 1094 a composite number?
True
Is 62977 a prime number?
False
Is 318031 a prime number?
False
Is 698977 prime?
True
Is 2149 a prime number?
False
Is 818 a prime number?
False
Is 208319 a composite number?
False
Is 228061 prime?
True
Is 433591 a composite number?
True
Is 36779 composite?
False
Is 4853 a composite number?
True
Is 9893 composite?
True
Is 236377 a composite number?
False
Is 25981 a prime number?
True
Is 70073 a prime number?
False
Is 220699 prime?
True
Is 6521 composite?
False
Is 191 a composite number?
False
Is 54787 prime?
True
Is 9959 a prime number?
False
Is 462811 prime?
False
Is 2053 a prime number?
True
Is 869833 a prime number?
False
Is 114547 a composite number?
False
Is 13343 prime?
False
Is 609101 a prime number?
True
Is 9886 a prime number?
False
Is 3495773 a prime number?
True
Is 25257 a prime number?
False
Is 247301 composite?
False
Is 377753 a composite number?
True
Is 95673 composite?
True
Is 51217 prime?
True
Is 112643 a composite number?
False
Is 3139633 composite?
True
Is 17371 prime?
False
Is 118493 composite?
False
Is 9691 prime?
False
Is 36682 composite?
True
Is 2899 composite?
True
Is 353657 a composite number?
False
Is 21961 a prime number?
True
Is 12373 prime?
True
Is 111577 prime?
True
Is 106579 prime?
False
Is 1189 composite?
True
Is 18041 composite?
False
Is 104527 prime?
True
Is 299311 a prime number?
True
Is 10357 composite?
False
Is 32449 a composite number?
True
Is 67211 prime?
True
Is 273503 prime?
True
Is 1210641 composite?
True
Is 263167 a prime number?
True
Is 446647 prime?
True
Is 12443 prime?
False
Is 63643 a composite number?
True
Is 66985 a prime number?
False
Is 157457 composite?
False
Is 16919 prime?
False
Is 435691 a prime number?
False
Is 48499 composite?
True
Is 49102 a composite number?
True
Is 1799645 a composite number?
True
Is 9329 composite?
True
Is 73279 a composite number?
True
Is 6866 composite?
True
Is 350861 a prime number?
False
Is 493 a composite number?
True
Is 1601 composite?
False
Is 5114639 composite?
False
Is 10709 composite?
False
Is 188411 a composite number?
True
Is 2897 prime?
True
Is 23271 a prime number?
False
Is 3172729 a composite number?
True
Is 69943 composite?
True
Is 1976989 a prime number?
False
Is 5065 composite?
True
Is 309769 a prime number?
True
Is 575285 a prime number?
False
Is 5539 a composite number?
True
Is 17031449 a composite number?
False
Is 172001 composite?
False
Is 708965 prime?
False
Is 27983 a composite number?
False
Is 645571 composite?
False
Is 85049 a composite number?
False
Is 8791 a prime number?
False
Is 57457 prime?
True
Is 440039 a prime number?
True
Is 209927 prime?
True
Is 9649 composite?
False
Is 13093 prime?
True
Is 630823 a composite number?
False
Is 3127 a prime number?
False
Is 67561 prime?
False
Is 586169 composite?
True
Is 5999 prime?
False
Is 236429 a prime number?
True
Is 827911 a prime number?
False
Is 174733 a prime number?
False
Is 5839 a prime number?
True
Is 85807 prime?
False
Is 57299 a composite number?
True
Is 2103 prime?
False
Is 373253 prime?
False
Is 8009 a prime number?
True
Is 225257 a composite number?
False
Is 11131 a composite number?
False
Is 23771 a prime number?
False
Is 787 a prime number?
True
Is 79681 composite?
True
Is 105137 composite?
False
Is 64219 composite?
True
Is 1067 composite?
True
Is 15231 composite?
True
Is 1421054 prime?
False
Is 166013 a composite number?
False
Is 203293 a composite number?
False
Is 19949 a prime number?
True
Is 45379 a prime number?
False
Is 18427 prime?
True
Is 138283 a prime number?
True
Is 30055 composite?
True
Is 10805 a prime number?
False
Is 3387 composite?
True
Is 104843 a prime number?
False
Is 11758 a prime number?
False
Is 388757 composite?
False
Is 6457 a prime number?
False
Is 387389 prime?
False
Is 1828973 a composite number?
False
Is 447121 a composite number?
True
Is 80309 prime?
True
Is 1012369 a composite number?
False
Is 40151 a prime number?
True
Is 2165321 a prime number?
True
Is 136247 composite?
False
Is 36503 a prime number?
False
Is 8531 prime?
False
Is 20807 composite?
False
Is 1009061 a prime number?
True
Is 409495 composite?
True
Is 194965 a composite number?
True
Is 229681 a prime number?
True
Is 56819 prime?
False
Is 37243 a prime number?
True
Is 48809 a composite number?
False
Is 90847 composite?
False
Is 9671 prime?
False
Is 12809 a composite number?
False
Is 8923 prime?
True
Is 1239557 a composite number?
True
Is 115681 composite?
True
Is 1531 composite?
False
Is 15545 composite?
True
Is 261823 prime?
True
Is 940166 a prime number?
False
Is 8114 prime?
False
Is 488123 a composite number?
True
Is 30341 prime?
True
Is 204961 composite?
True
Is 3389 a composite number?
False
Is 51929 composite?
False
Is 116329 a prime number?
True
Is 2099 a composite number?
False
Is 9527 a composite number?
True
Is 4861 composite?
False
Is 1498439 a composite number?
False
Is 67693 a prime number?
False
Is 6769 a composite number?
True
Is 370334 prime?
False
Is 1766783 a composite number?
True
Is 27953 prime?
True
Is 37831 a composite number?
False
Is 95911 a composite number?
False
Is 5261 composite?
False
Is 11203 composite?
True
Is 336041 a prime number?
True
Is 3623671 composite?
False
Is 113177 prime?
True
Is 5207 prime?
False
Is 131983 a prime number?
False
Is 50597 composite?
True
Is 546977 a prime number?
True
Is 75963 prime?
False
Is 112657 a composite number?
False
Is 2333 composite?
False
Is 877 composite?
False
Is 30269 a composite number?
False
Is 1379863 composite?
True
Is 34123 composite?
False
Is 101077 a prime number?
False
Is 51518 a prime number?
False
Is 901 composite?
True
Is 259991 a composite number?
False
Is 7417 a prime number?
True
Is 54577 composite?
False
Is 215 a composite number?
True
Is 78203 a prime number?
True
Is 9533 prime?
True
Is 3628731 a prime number?
False
Is 340633 a prime number?
True
Is 17231 a composite number?
False
Is 168899 prime?
True
Is 7781 prime?
False
Is 39581 a composite number?
False
Is 72302 a composite number?
True
Is 8691 a prime number?
False
Is 1453637 composite?
True
Is 103861 prime?
False
Is 99931 prime?
False
Is 46171 prime?
True
Is 482861 a prime number?
True
Is 3821 composite?
False
Is 33679 a composite number?
False
Is 269674 prime?
False
Is 28319 prime?
True
Is 404929 a composite number?
True
Is 305999 a composite number?
False
Is 13045 prime?
False
Is 144941 composite?
False
Is 26227 composite?
False
Is 883255 a composite number?
True
Is 13907 composite?
False
Is 1029734 composite?
True
Is 48593 a prime number?
True
Is 110335 composite?
True
Is 70639 composite?
False
Is 1837 a prime number?
False
Is 13649 composite?
False
Is 5299 a composite number?
True
Is 3415 prime?
False
Is 1511 a composite number?
False
Is 193619 a prime number?
True
Is 4091 prime?
True
Is 18947 prime?
True
Is 187751 composite?
False
Is 313135 a prime number?
False
Is 15157 composite?
True
Is 741593 a composite number?
False
Is 660019 composite?
True
Is 75821 composite?
False
Is 174851 prime?
True
Is 4037 prime?
False
Is 3007 a prime number?
False
Is 4889 a prime number?
True
Is 118661 prime?
True
Is 93745 a composite number?
True
Is 18499 composite?
True
Is 16997 prime?
False
Is 14179 prime?
False
Is 50465 a composite number?
True
Is 281467 a composite number?
True
Is 30427 a prime number?
True
Is 149143 a prime number?
True
Is 5923 composite?
False
Is 22229 a composite number?
False
Is 11389 composite?
True
Is 350963 prime?
True
Is 30619 a prime number?
False
Is 6991 a prime number?
True
Is 3353 prime?
False
Is 20245 a composite number?
True
Is 940259 a prime number?
True
Is 10289 prime?
True
Is 7262 composite?
True
Is 2353 composite?
True
Is 15959 composite?
False
Is 1128185 composite?
True
Is 38341 a composite number?
True
Is 1801011 prime?
False
Is 1261649 a prime number?
True
Is 1649 a composite number?
True
Is 76649 prime?
True
Is 15541 composite?
False
Is 380003 a prime number?
False
Is 19715 composite?
True
Is 641933 composite?
True
Is 188171 a prime number?
True
Is 2235061 a compo